(x) = -5*x - 5. Suppose -3*t + 2*i - 29 = -2*i, 3*t = -4*i + 11. Let c(q) = t*w(q) + 4*k(q). What are the prime factors of c(-9)?
2
Let y = -32 - -35. Let n = 42 + y. What are the prime factors of n?
3, 5
List the prime factors of (-69)/115 - (2296/(-10) + -2).
3, 7, 11
Let a(l) = -153*l - 400. What are the prime factors of a(-13)?
7, 227
Let a = -5 + 9. Suppose a*q - 36 = q. Suppose -2*h = -k - 2*k - 29, -h + q = k. List the prime factors of h.
13
Suppose 91 = -4*h + 371. What are the prime factors of (-214)/(-6) + (-4 - h/(-21))?
5, 7
Let w(k) = -6*k - 57. Let b be w(-10). Let l(u) = 20*u**2 + 6*u - 7. List the prime factors of l(b).
191
Let p(m) = 51*m. Let y be p(-1). Let q = y - -110. What are the prime factors of q?
59
Let n be 9/((-18)/4) + -31. Let g = -29 - n. List the prime factors of g.
2
Suppose -4*k + 0*k + 29 = 3*c, -k = -2*c + 1. Let y(u) = -17*u - 61. Let l be y(-9). Suppose -l = -c*h + 16. What are the prime factors of h?
2, 3
Let n(r) = 4*r**2 + 106*r + 47. What are the prime factors of n(-33)?
5, 181
Let i(l) = l**3 - 10*l**2 + 25*l + 5. What are the prime factors of i(12)?
593
Let t(u) be the third derivative of u**4/12 + 8*u**3/3 - 3*u**2 + u. Let x(c) = -c**2 - 3*c + 5. Let l be x(-5). What are the prime factors of t(l)?
2, 3
Let q(y) = -42*y - 44. Let j be q(-15). Suppose 0 = -5*k + j + 184. List the prime factors of k.
2, 7, 11
Let t(b) = -13*b - 95. Let o be 8 + -1 + -2 - 34. List the prime factors of t(o).
2, 3, 47
Suppose 5*b = -4*g + 114, 3*b - 25 = 2*g - 3*g. Suppose 5*v + 155 = 5*d, 0 = 3*d + 2*v - 77 - g. List the prime factors of d.
2, 17
Suppose -5*j + 11 = 2*f, 0 = -j - 3*j + f + 14. Suppose j*z - 18 = 30. Let v = z + -3. What are the prime factors of v?
13
Suppose -2*m - i + 8972 + 2137 = 0, 4*i - 5537 = -m. What are the prime factors of m?
5557
Suppose 0 = -11*h + 2651 - 66. List the prime factors of h.
5, 47
Let k = 29 - 37. Suppose 0 = -o - 93 - 69. What are the prime factors of 2/k - o/8?
2, 5
Let d be (-1 - 8)/((-9)/108). Suppose 0 = -104*s + d*s - 608. What are the prime factors of s?
2, 19
Suppose 5*k = 3*j - 47, -2*j + 41 = 3*j + k. Suppose j*i - 156 = 5*i. What are the prime factors of i?
3, 13
Let j(d) = -2*d**2 + 12*d - 14. Let s be j(7). Let p = -18 - s. What are the prime factors of p?
2, 5
Let c(s) be the second derivative of 11*s**4/12 - s**3/6 + s**2 + 17*s. List the prime factors of c(-2).
2, 3
Let d(s) = s**2 - s - 25. What are the prime factors of d(33)?
1031
Let l(r) = r**2 + 441 - 5*r - 441. What are the prime factors of l(8)?
2, 3
Let s(t) = 14*t + 41. Let o be s(12). Suppose -o = -8*u + 471. What are the prime factors of u?
5, 17
Suppose 3*o - 4452 = 3*r, -2*o = -r - 818 - 2153. List the prime factors of o.
1487
Suppose -2*u = 10, -349 = 5*l + 2*u - 5364. What are the prime factors of l?
3, 5, 67
Suppose -47978 = -12*m - 34*m. List the prime factors of m.
7, 149
Suppose 0 = -4*p + 10*p - 4188. What are the prime factors of p?
2, 349
Let g(n) be the second derivative of 0 - 11*n**2 + 2*n - 7/3*n**3. What are the prime factors of g(-6)?
2, 31
Suppose 3*x + 348 = 2*g + 3*g, 0 = 4*g - 3*x - 276. Let a = g + -149. Let i = -47 - a. What are the prime factors of i?
2, 3, 5
Let k(a) = a**2 + 5*a - 2. Let t be k(-7). Let l(o) = 4*o - 23. Let r be l(5). What are the prime factors of (-2)/(-4 - r)*t?
2, 3
Suppose 5*n = 4*q + 14886, -2*n - 5*q - 14890 = -7*n. What are the prime factors of n?
2, 1487
Let g = -54 + 54. What are the prime factors of 42 - -2 - (g + 1)?
43
Let z = 0 - 234. List the prime factors of -1 - -4 - z/3.
3
Let b(o) = 10*o + 420. What are the prime factors of b(-32)?
2, 5
Let y = 46 - -400. List the prime factors of y.
2, 223
Let g(u) = -4*u**3 + 8*u**2 - 4*u + 6. Let w(r) = 7*r**3 - 16*r**2 + 9*r - 13. Let i(x) = -5*g(x) - 3*w(x). Let y = -1 + 8. List the prime factors of i(y).
3
Let l(y) = y**3 + y**2 + y + 32. Let h be l(0). Suppose -3*k + 4 = -2*k. List the prime factors of (-2*(h - k))/(-2).
2, 7
Let i(k) = 1 + 4*k + 3*k - 2 + 2. Let q be i(1). What are the prime factors of q/20 - (-33)/5?
7
Let u(h) = h**3 - 21*h**2 - 22*h - 107. What are the prime factors of u(23)?
5, 89
Let b(n) be the third derivative of n**6/120 + 4*n**5/15 - n**4/6 + 2*n**3/3 - 3*n**2. List the prime factors of b(-16).
2, 17
Let g = 4074 - 2142. List the prime factors of g.
2, 3, 7, 23
Suppose 9802 = -40*r + 29562. What are the prime factors of r?
2, 13, 19
Let n(a) = 3*a - 13. Let x be n(5). Suppose -76 = -2*r - h, -3*r + x*h = -r - 70. What are the prime factors of r?
37
Let m(c) = 1 - 15*c**3 - 20*c + 0*c**2 + c**2 + 21*c. Let u be m(-1). Suppose -4*p + 5*x + 19 = -u, -3*p - 2*x = -9. What are the prime factors of p?
5
Let o(w) = 44*w - 34. Let l(g) be the second derivative of -3*g**3/2 + 7*g**2/2 + 8*g. Let n(i) = 28*l(i) + 6*o(i). List the prime factors of n(4).
2, 5
Let l(f) = -17*f - 24. Let m(p) = -16*p - 23. Let n(k) = -5*l(k) + 6*m(k). What are the prime factors of n(-7)?
59
Suppose -134 = 34*b - 36*b. Let t = 30 + b. List the prime factors of t.
97
Suppose -3*r + 0*n + 3*n + 36 = 0, 2*r = -2*n + 36. Let a be ((-38)/(-95))/(1/r). Suppose -t = -a*t + 305. What are the prime factors of t?
61
Suppose -5*r - 129 = -3*t, 0 = -r - t - 4*t - 37. Let h = -23 - r. Suppose h*a = -4*f + 144, -a + 4*f = -20 + 4. List the prime factors of a.
2
Let l be 15*((-3)/(-9) - 0). List the prime factors of 482/l - 20/50.
2, 3
Suppose -10 = -3*z + 5*n, -2*z + 3*n = -n - 8. Let g(w) = 4*w + 2*w**3 - 2 + 2*w**2 - 6*w**2 + w**3 + z. What are the prime factors of g(2)?
2, 7
Suppose 3*d + 16 = 5*p, 5*p - 31 = -0*p - 2*d. Let x(o) = -o**3 + 7*o**2 - 16. What are the prime factors of x(p)?
2, 17
Let r = -811 + 1355. List the prime factors of r.
2, 17
Suppose -4*d + 12 = 0, 2*i - 3*d + 2 + 3 = 0. Suppose -4*v + 18 = -i. Suppose -v*m - 10 + 35 = 0. List the prime factors of m.
5
Let j(v) = -3*v**3 - 14*v**2 + 6*v - 6. List the prime factors of j(-6).
2, 3, 17
Let j = -75 - -241. What are the prime factors of j?
2, 83
Suppose 189*w - 2660 = 184*w. List the prime factors of w.
2, 7, 19
Let p(m) = m**3 - 4*m**2. Let x be p(4). Suppose 2*s + 3*s - 20 = x. What are the prime factors of (s/8)/(-1)*-124?
2, 31
Let j = 317 + 945. List the prime factors of j.
2, 631
Suppose -a = 5*l - 10, -2 - 4 = -3*l - a. Suppose -l*g - 17 + 184 = -5*y, -2*y = 4*g - 298. List the prime factors of (g/(-2))/(2/(-1)).
19
Suppose 0 = 5*m - 27 + 2. Suppose -x - 20 = -m*x. Let k(l) = 5*l - 2. List the prime factors of k(x).
23
Suppose -4*k - 3*j + 113 = k, -3*k = -j - 65. Let u be 11/(k/12) + 2. Suppose 164 = u*o - 4*o. What are the prime factors of o?
41
Let o = -254 + -59. Let c = o - -465. List the prime factors of c.
2, 19
Let i be -1 + 20/5 - -502. Suppose 2*w = 3*a + w - i, 4*a = 3*w + 680. What are the prime factors of a?
167
Let l(w) = -18*w + 18. Let y be l(7). Let s = 181 + y. List the prime factors of s.
73
Let z = 1545 - 915. What are the prime factors of z?
2, 3, 5, 7
Let a(m) = 4*m - 2. Let y be a(-1). List the prime factors of 1/3 - 310/y.
2, 13
Let w be 2/(((-3)/99)/((-4)/24)). Let o(q) = 18*q - 13. What are the prime factors of o(w)?
5, 37
Suppose 5*z + s - 146 = 0, 1 = 3*s - 2*s. Let b(x) = -28*x**2 + z*x**2 + 3 + 5 + 15*x. List the prime factors of b(-16).
2, 3
Suppose 5*q + 49 = 4*g, -4*g - 29 = -0*q + q. Let i = q - -21. Suppose i + 8 = v. List the prime factors of v.
2
Suppose 7*n + 21 = 4*n. Let u(i) = -7*i**2 - 3 + 4*i - 7*i - 8*i - i**3 + 9*i. What are the prime factors of u(n)?
11
Suppose 0*t - 873 = 3*t. Let x = t + 561. Suppose 162 = 3*b + 5*n, -b + 3*n + x = 4*b. What are the prime factors of b?
2, 3
Suppose -45 = -z + 6*b - b, -z - 4*b = -72. Suppose -t + 27 = 5*r, 86 = 4*t + r - z. What are the prime factors of t?
37
Let a = 442 + -259. Suppose w + a = 4*z, 181 = z + 3*z - 3*w. List the prime factors of z.
2, 23
Suppose -10 - 527 = -3*g - 3*y, -179 = -g - 3*y. List the prime factors of g.
179
Let y be (-1 - -26)/(-1 - -2). Let o = -23 + y. Suppose -o*q - 11 = -111. List the prime factors of q.
2, 5
Suppose v = -2*p, 0 = -p + 4*v + 5 + 4. Let j(z) = 30*z**3 + z. List the prime factors of j(p).
31
Suppose 5*u = -j + 7485, -j + 1497 = u - 4*j. What are the prime factors of u?
3, 499
Suppose -c = -4*o - 0*o + 1313, -2*o 